{"id":872,"date":"2025-05-30T16:00:21","date_gmt":"2025-05-30T22:00:21","guid":{"rendered":"https:\/\/picoliasa.com\/new\/?post_type=product&#038;p=872"},"modified":"2025-05-31T05:09:13","modified_gmt":"2025-05-31T05:09:13","slug":"liquido-de-frenos-dom","status":"publish","type":"product","link":"https:\/\/picoliasa.com\/new\/producto\/liquido-de-frenos-dom\/","title":{"rendered":"L\u00edquido de frenos DOM"},"content":{"rendered":"","protected":false},"excerpt":{"rendered":"<p>El l\u00edquido de frenos DOM es la opci\u00f3n ideal para quienes buscan un producto de alta calidad que combine rendimiento, seguridad y durabilidad. Cumpliendo con las especificaciones DOT3 y DOT4, este l\u00edquido est\u00e1 preparado para enfrentar las exigencias de los sistemas de frenado modernos, asegurando una conducci\u00f3n segura en cualquier circunstancia. Optar por el l\u00edquido de frenos DOM es invertir en la seguridad y el bienestar en la carretera.<\/p>\n","protected":false},"featured_media":874,"template":"","meta":[],"product_brand":[173],"product_cat":[172],"product_tag":[176,174,175,168],"class_list":{"0":"post-872","1":"product","2":"type-product","3":"status-publish","4":"has-post-thumbnail","6":"product_brand-dom","7":"product_cat-liquido-de-frenos-dom","8":"product_tag-240g","9":"product_tag-dom","10":"product_tag-liquido-de-frenos","11":"product_tag-power-steering-fluid","13":"first","14":"instock","15":"virtual","16":"product-type-simple"},"_links":{"self":[{"href":"https:\/\/picoliasa.com\/new\/wp-json\/wp\/v2\/product\/872","targetHints":{"allow":["GET"]}}],"collection":[{"href":"https:\/\/picoliasa.com\/new\/wp-json\/wp\/v2\/product"}],"about":[{"href":"https:\/\/picoliasa.com\/new\/wp-json\/wp\/v2\/types\/product"}],"wp:featuredmedia":[{"embeddable":true,"href":"https:\/\/picoliasa.com\/new\/wp-json\/wp\/v2\/media\/874"}],"wp:attachment":[{"href":"https:\/\/picoliasa.com\/new\/wp-json\/wp\/v2\/media?parent=872"}],"wp:term":[{"taxonomy":"product_brand","embeddable":true,"href":"https:\/\/picoliasa.com\/new\/wp-json\/wp\/v2\/product_brand?post=872"},{"taxonomy":"product_cat","embeddable":true,"href":"https:\/\/picoliasa.com\/new\/wp-json\/wp\/v2\/product_cat?post=872"},{"taxonomy":"product_tag","embeddable":true,"href":"https:\/\/picoliasa.com\/new\/wp-json\/wp\/v2\/product_tag?post=872"}],"curies":[{"name":"wp","href":"https:\/\/api.w.org\/{rel}","templated":true}]}}