{"id":738,"date":"2025-03-18T00:22:34","date_gmt":"2025-03-18T06:22:34","guid":{"rendered":"https:\/\/picoliasa.com\/new\/?post_type=product&#038;p=738"},"modified":"2026-02-10T14:31:27","modified_gmt":"2026-02-10T20:31:27","slug":"mobil-1-turbo-diesel-truck-5w-40","status":"publish","type":"product","link":"https:\/\/picoliasa.com\/new\/producto\/mobil-1-turbo-diesel-truck-5w-40\/","title":{"rendered":"Mobil 1\u2122 Turbo Diesel Truck 5W-40"},"content":{"rendered":"","protected":false},"excerpt":{"rendered":"<p>Mobil 1\u2122 Turbo Diesel Truck 5W-40 es un aceite de motor di\u00e9sel sint\u00e9tico de rendimiento para trabajos pesados que ayuda a prolongar la vida \u00fatil del motor y que, a la vez, brinda la capacidad de prolongar los intervalos entre cambios de aceite, y ventajas potenciales en el ahorro de combustible*, a motores di\u00e9sel modernos que funcionan en aplicaciones severas<\/p>\n","protected":false},"featured_media":740,"template":"","meta":[],"product_brand":[114,116,201],"product_cat":[31,38,48,200,21],"product_tag":[199,53,109,202],"class_list":{"0":"post-738","1":"product","2":"type-product","3":"status-publish","4":"has-post-thumbnail","6":"product_brand-mobil","7":"product_brand-mobil-1","8":"product_brand-turbo-diesel-tuck","9":"product_cat-lubricantes_mobil","10":"product_cat-lubricantes-para-vehiculo-pesado","11":"product_cat-mobil-1","12":"product_cat-turbo-diesel-truck","13":"product_cat-lubricantes","14":"product_tag-diesel","15":"product_tag-mobil-1-5w20","16":"product_tag-sintetico","17":"product_tag-turbo-diesel-truck","19":"first","20":"instock","21":"virtual","22":"product-type-simple"},"_links":{"self":[{"href":"https:\/\/picoliasa.com\/new\/wp-json\/wp\/v2\/product\/738","targetHints":{"allow":["GET"]}}],"collection":[{"href":"https:\/\/picoliasa.com\/new\/wp-json\/wp\/v2\/product"}],"about":[{"href":"https:\/\/picoliasa.com\/new\/wp-json\/wp\/v2\/types\/product"}],"wp:featuredmedia":[{"embeddable":true,"href":"https:\/\/picoliasa.com\/new\/wp-json\/wp\/v2\/media\/740"}],"wp:attachment":[{"href":"https:\/\/picoliasa.com\/new\/wp-json\/wp\/v2\/media?parent=738"}],"wp:term":[{"taxonomy":"product_brand","embeddable":true,"href":"https:\/\/picoliasa.com\/new\/wp-json\/wp\/v2\/product_brand?post=738"},{"taxonomy":"product_cat","embeddable":true,"href":"https:\/\/picoliasa.com\/new\/wp-json\/wp\/v2\/product_cat?post=738"},{"taxonomy":"product_tag","embeddable":true,"href":"https:\/\/picoliasa.com\/new\/wp-json\/wp\/v2\/product_tag?post=738"}],"curies":[{"name":"wp","href":"https:\/\/api.w.org\/{rel}","templated":true}]}}