{"id":737,"date":"2025-03-16T23:51:09","date_gmt":"2025-03-17T05:51:09","guid":{"rendered":"https:\/\/picoliasa.com\/new\/?post_type=product&#038;p=737"},"modified":"2025-03-17T07:15:07","modified_gmt":"2025-03-17T07:15:07","slug":"mobil-super-sintetico-0w20","status":"publish","type":"product","link":"https:\/\/picoliasa.com\/new\/producto\/mobil-super-sintetico-0w20\/","title":{"rendered":"Mobil Super\u2122 Sint\u00e9tico 0W20"},"content":{"rendered":"","protected":false},"excerpt":{"rendered":"<p>Mobil Super\u2122 3000 es un aceite sint\u00e9tico para motores, que proporciona una excelente protecci\u00f3n a altas temperaturas, incluso bajo condiciones extremas. Mobil Super 3000 est\u00e1 dise\u00f1ado para ayudar a proporcionar una larga vida \u00fatil del motor y una excelente protecci\u00f3n en veh\u00edculos de todas las edades. Mobil Super 3000 proporciona una excelente protecci\u00f3n contra los lodos, la herrumbre en los motores y la corrosi\u00f3n bajo condiciones severas de operaci\u00f3n y de temperaturas bajas y proporciona la viscosidad y fluidez \u00f3ptimas en un amplio rango de temperaturas.<\/p>\n","protected":false},"featured_media":691,"template":"","meta":[],"product_brand":[114,115],"product_cat":[31,32,49,21],"product_tag":[118,109],"class_list":{"0":"post-737","1":"product","2":"type-product","3":"status-publish","4":"has-post-thumbnail","6":"product_brand-mobil","7":"product_brand-mobil-super","8":"product_cat-lubricantes_mobil","9":"product_cat-lubricantes-para-vehiculo-liviano-gasolina","10":"product_cat-mobil-super","11":"product_cat-lubricantes","12":"product_tag-mobil-super-sintetico-0w20","13":"product_tag-sintetico","15":"first","16":"instock","17":"virtual","18":"product-type-simple"},"_links":{"self":[{"href":"https:\/\/picoliasa.com\/new\/wp-json\/wp\/v2\/product\/737","targetHints":{"allow":["GET"]}}],"collection":[{"href":"https:\/\/picoliasa.com\/new\/wp-json\/wp\/v2\/product"}],"about":[{"href":"https:\/\/picoliasa.com\/new\/wp-json\/wp\/v2\/types\/product"}],"wp:featuredmedia":[{"embeddable":true,"href":"https:\/\/picoliasa.com\/new\/wp-json\/wp\/v2\/media\/691"}],"wp:attachment":[{"href":"https:\/\/picoliasa.com\/new\/wp-json\/wp\/v2\/media?parent=737"}],"wp:term":[{"taxonomy":"product_brand","embeddable":true,"href":"https:\/\/picoliasa.com\/new\/wp-json\/wp\/v2\/product_brand?post=737"},{"taxonomy":"product_cat","embeddable":true,"href":"https:\/\/picoliasa.com\/new\/wp-json\/wp\/v2\/product_cat?post=737"},{"taxonomy":"product_tag","embeddable":true,"href":"https:\/\/picoliasa.com\/new\/wp-json\/wp\/v2\/product_tag?post=737"}],"curies":[{"name":"wp","href":"https:\/\/api.w.org\/{rel}","templated":true}]}}