{"id":447,"date":"2023-08-18T15:19:57","date_gmt":"2023-08-18T21:19:57","guid":{"rendered":"https:\/\/picoliasa.com\/new\/?post_type=product&#038;p=447"},"modified":"2023-08-18T22:39:01","modified_gmt":"2023-08-18T22:39:01","slug":"mobilgrease-xhp-222","status":"publish","type":"product","link":"https:\/\/picoliasa.com\/new\/producto\/mobilgrease-xhp-222\/","title":{"rendered":"Mobilgrease XHP 222"},"content":{"rendered":"","protected":false},"excerpt":{"rendered":"<p class=\"productSubtitle\">Mobilgrese XHP\u2122 220 Series son grasas para servicio prolongado a base de un complejo de litio dise\u00f1adas para una amplia gama de aplicaciones y en condiciones operativas severas. Estas grasas se dise\u00f1aron para superar a los productos convencionales aplicando tecnolog\u00eda de punta, propietaria, para la fabricaci\u00f3n de complejo de litio.<\/p>\n","protected":false},"featured_media":450,"template":"","meta":[],"product_brand":[],"product_cat":[39,31,60,21],"product_tag":[59],"class_list":{"0":"post-447","1":"product","2":"type-product","3":"status-publish","4":"has-post-thumbnail","6":"product_cat-grasas","7":"product_cat-lubricantes_mobil","8":"product_cat-mobil-grease","9":"product_cat-lubricantes","10":"product_tag-mobilgrease-xhp-222","12":"first","13":"instock","14":"virtual","15":"product-type-simple"},"_links":{"self":[{"href":"https:\/\/picoliasa.com\/new\/wp-json\/wp\/v2\/product\/447","targetHints":{"allow":["GET"]}}],"collection":[{"href":"https:\/\/picoliasa.com\/new\/wp-json\/wp\/v2\/product"}],"about":[{"href":"https:\/\/picoliasa.com\/new\/wp-json\/wp\/v2\/types\/product"}],"wp:featuredmedia":[{"embeddable":true,"href":"https:\/\/picoliasa.com\/new\/wp-json\/wp\/v2\/media\/450"}],"wp:attachment":[{"href":"https:\/\/picoliasa.com\/new\/wp-json\/wp\/v2\/media?parent=447"}],"wp:term":[{"taxonomy":"product_brand","embeddable":true,"href":"https:\/\/picoliasa.com\/new\/wp-json\/wp\/v2\/product_brand?post=447"},{"taxonomy":"product_cat","embeddable":true,"href":"https:\/\/picoliasa.com\/new\/wp-json\/wp\/v2\/product_cat?post=447"},{"taxonomy":"product_tag","embeddable":true,"href":"https:\/\/picoliasa.com\/new\/wp-json\/wp\/v2\/product_tag?post=447"}],"curies":[{"name":"wp","href":"https:\/\/api.w.org\/{rel}","templated":true}]}}