{"id":427,"date":"2023-08-13T00:14:29","date_gmt":"2023-08-13T06:14:29","guid":{"rendered":"https:\/\/picoliasa.com\/new\/?post_type=product&#038;p=427"},"modified":"2023-08-13T06:28:11","modified_gmt":"2023-08-13T06:28:11","slug":"mobil-delvac-1200-series","status":"publish","type":"product","link":"https:\/\/picoliasa.com\/new\/producto\/mobil-delvac-1200-series\/","title":{"rendered":"Mobil Delvac\u2122 1200 Series"},"content":{"rendered":"","protected":false},"excerpt":{"rendered":"<p>Mobil Delvac 1220, 1230, 1240, y 1250 son aceites de servicio pesado para motores di\u00e9sel, formulados a partir de aceites base de alto rendimiento y un sistema de aditivos equilibrado de dispersantes sin cenizas, detergentes met\u00e1licos e inhibidores para controlar la oxidaci\u00f3n, el desgaste, la corrosi\u00f3n y la herrumbre. Se utilizan en una amplia gama de aplicaciones en las que se recomienda un lubricante monogrado, incluyendo aplicaciones di\u00e9sel de dos tiempos (por ejemplo, los motores di\u00e9sel Detroit de las series 53, 71, 92 y 149 de dos tiempos).<\/p>\n","protected":false},"featured_media":428,"template":"","meta":[],"product_brand":[],"product_cat":[31,38,55,21],"product_tag":[57],"class_list":{"0":"post-427","1":"product","2":"type-product","3":"status-publish","4":"has-post-thumbnail","6":"product_cat-lubricantes_mobil","7":"product_cat-lubricantes-para-vehiculo-pesado","8":"product_cat-mobil-delvac","9":"product_cat-lubricantes","10":"product_tag-mobil-delvac-1200-series","12":"first","13":"instock","14":"virtual","15":"product-type-simple"},"_links":{"self":[{"href":"https:\/\/picoliasa.com\/new\/wp-json\/wp\/v2\/product\/427","targetHints":{"allow":["GET"]}}],"collection":[{"href":"https:\/\/picoliasa.com\/new\/wp-json\/wp\/v2\/product"}],"about":[{"href":"https:\/\/picoliasa.com\/new\/wp-json\/wp\/v2\/types\/product"}],"wp:featuredmedia":[{"embeddable":true,"href":"https:\/\/picoliasa.com\/new\/wp-json\/wp\/v2\/media\/428"}],"wp:attachment":[{"href":"https:\/\/picoliasa.com\/new\/wp-json\/wp\/v2\/media?parent=427"}],"wp:term":[{"taxonomy":"product_brand","embeddable":true,"href":"https:\/\/picoliasa.com\/new\/wp-json\/wp\/v2\/product_brand?post=427"},{"taxonomy":"product_cat","embeddable":true,"href":"https:\/\/picoliasa.com\/new\/wp-json\/wp\/v2\/product_cat?post=427"},{"taxonomy":"product_tag","embeddable":true,"href":"https:\/\/picoliasa.com\/new\/wp-json\/wp\/v2\/product_tag?post=427"}],"curies":[{"name":"wp","href":"https:\/\/api.w.org\/{rel}","templated":true}]}}